63 + 2?
-132561
In base 12, what is -14790 + -1a2?
-14972
In base 15, what is -440937 - 2?
-440939
In base 5, what is 20 + -240214?
-240144
In base 2, what is 1000101001 + -10110?
1000010011
In base 14, what is -4 - -1497?
1493
In base 7, what is 2 + -2605633?
-2605631
In base 13, what is 1628 - 24?
1604
In base 14, what is 26a943 + 1?
26a944
In base 6, what is 323 - -315?
1042
In base 10, what is -24006 - 4?
-24010
In base 6, what is -154235 - -105?
-154130
In base 6, what is -3205354 - 5?
-3205403
In base 3, what is -1000022010 - -12221?
-1000002012
In base 14, what is 9c9 + 578?
1163
In base 9, what is 267 + -21?
246
In base 7, what is 2 - -356030?
356032
In base 9, what is -64 - -7714?
7640
In base 6, what is -1551302 - 11?
-1551313
In base 8, what is 6534032 - -3?
6534035
In base 10, what is 240557 - -15?
240572
In base 4, what is 10 + 310212?
310222
In base 14, what is 1535 - 45?
14d0
In base 10, what is 693 + -101?
592
In base 2, what is -1110000111111100101 + 10?
-1110000111111100011
In base 16, what is -13 + 325?
312
In base 8, what is -123620 + -32?
-123652
In base 14, what is -8 + -5480?
-5488
In base 8, what is 104064 + -12?
104052
In base 15, what is 7ca2 + -5?
7c9c
In base 4, what is 3 + 3122301?
3122310
In base 9, what is -12 - -373620?
373607
In base 16, what is 1912b - 3?
19128
In base 4, what is 11102012 + 10?
11102022
In base 4, what is -11 + 312001?
311330
In base 15, what is 46 + -1c1?
-17a
In base 4, what is -1202331 - 1301?
-1210232
In base 9, what is -144 + -101?
-245
In base 11, what is 5 - -3049a?
304a4
In base 8, what is 402556 - -3?
402561
In base 13, what is 2cc5 - 0?
2cc5
In base 5, what is 2 - -223140?
223142
In base 10, what is -1 - 9915?
-9916
In base 16, what is 2 + -216c?
-216a
In base 3, what is 12110210211 - 22?
12110210112
In base 3, what is -2 + 212222001000?
212222000221
In base 10, what is -12 - -99184?
99172
In base 3, what is -10022102121 + 20?
-10022102101
In base 3, what is 1222 + 10002?
12001
In base 16, what is -1 - ecb5?
-ecb6
In base 14, what is -43a18 + -3?
-43a1b
In base 15, what is 2d0 - 151?
17e
In base 10, what is -554 + 452?
-102
In base 5, what is -100213 + -1000?
-101213
In base 4, what is 2113 + 3013?
11132
In base 6, what is 55 - -44224?
44323
In base 16, what is -5 - 1fcb?
-1fd0
In base 4, what is 111211 - -10?
111221
In base 5, what is 4 + 2?
11
In base 4, what is 1 - 10103313?
-10103312
In base 13, what is -36b91 - 10?
-36ba1
In base 2, what is 101 - 1010010101100000?
-1010010101011011
In base 7, what is 100 + 20?
120
In base 15, what is -2d + -50?
-7d
In base 11, what is -3 - -62868?
62865
In base 7, what is -5 + 1204445?
1204440
In base 10, what is -2770 - -66?
-2704
In base 12, what is -2891 - 4?
-2895
In base 16, what is 3b4 + -1d9?
1db
In base 11, what is -3 + -735a31?
-735a34
In base 15, what is -9504 - -2?
-9502
In base 15, what is -3607 - -7?
-3600
In base 2, what is -1001011001011100 + 1011?
-1001011001010001
In base 2, what is -1010011011101 - -10?
-1010011011011
In base 13, what is cbb1 + -4c?
cb62
In base 11, what is 1645696 - -2?
1645698
In base 7, what is 26 - -314460?
314516
In base 12, what is -31 - 4416?
-4447
In base 3, what is 11200000012 + -2?
11200000010
In base 3, what is 2200 - -1211000?
1220200
In base 6, what is 1230231 + -1?
1230230
In base 14, what is 110d6 + 5?
110db
In base 16, what is -19 + 1358a?
13571
In base 13, what is 2 + -9b77?
-9b75
In base 2, what is 1101111010 - 1000110?
1100110100
In base 2, what is 1 - -111000110001111?
111000110010000
In base 2, what is 100010 - 101010100?
-100110010
In base 11, what is -8 - -63436?
63429
In base 10, what is -678796 + -1?
-678797
In base 16, what is -9a0b + 7?
-9a04
In base 12, what is 358b5 - -3?
358b8
In base 15, what is -74 + -666d?
-66e2
In base 7, what is -264652 - -15?
-264634
In base 16, what is 3 - d124?
-d121
In base 6, what is -3 - 401045?
-401052
In base 5, what is 4 - -214321330?
214321334
In base 9, what is -1620 - 226?
-1846
In base 4, what is -213313210 - 121?
-213313331
In base 6, what is -1043 + -2013?
-3100
In base 15, what is -244c7 + 4?
-244c3
In base 6, what is -34 - -251251?
251213
In base 9, what is 358 + 44?
413
In base 4, what is -32002120 + 11?
-32002103
In base 7, what is -356 - 1361?
-2050
In base 15, what is -3641 - -2?
-363e
In base 5, what is 3 - 200403033?
-200403030
In base 6, what is -12041424 + -2?
-12041430
In base 9, what is -6303 + -101?
-6404
In base 6, what is -1224 - -24?
-1200
In base 4, what is -212 - -30302?
30030
In base 13, what is 2 - 16431?
-1642c
In base 10, what is 6338 + -22?
6316
In base 9, what is -6744 + -884?
-7738
In base 14, what is 2dc + -2a?
2b2
In base 4, what is -2 - -23210?
23202
In base 15, what is -14 - -b68a?
b676
In base 13, what is 11 - -1965?
1976
In base 10, what is 799349 - 4?
799345
In base 6, what is -52003 + -312?
-52315
In base 10, what is -13 + 6737?
6724
In base 13, what is -4 - 2157?
-215b
In base 3, what is 12 + 1000020002?
1000020021
In base 7, what is 6462 - -5?
6500
In base 8, what is 204 + 153?
357
In base 15, what is -5dbd + c?
-5db1
In base 4, what is 2 + 132013310?
132013312
In base 2, what is 111 + 11100000000?
11100000111
In base 15, what is c4c9 - -3?
c4cc
In base 15, what is 216 + -894?
-67d
In base 2, what is 100001110010 + -10010011001?
1111011001
In base 10, what is 5 - -24485?
24490
In base 10, what is 974 + 17?
991
In base 9, what is 7681 - -73?
7764
In base 14, what is -28d6 + 67?
-286d
In base 2, what is 11000111001111000101 - -10?
11000111001111000111
In base 8, what is -136645 - -35?
-136610
In base 3, what is 102 - 2221111212?
-2221111110
In base 3, what is -201102120 - -1?
-201102112
In base 11, what is 16a + -1a0?
-31
In base 12, what is -ab157 - -4?
-ab153
In base 3, what is 110212122 - -10?
110212202
In base 7, what is 20 - 222011?
-221661
In base 10, what is -6200 + 307?
-5893
In base 8, what is -7274 - -44?
-7230
In base 10, what is 262 + 18?
280
In base 13, what is 80 + -67c?
-5cc
In base 5, what is 1314442 + 30?
1320022
In base 5, what is 3 + -111133?
-111130
In base 14, what is 2 - -7445?
7447
In base 12, what is 83 - 265?
-1a2
In base 5, what is -112033 - 44?
-112132
In base 2, what is 1001001010111010000 - -11?
1001001010111010011
In base 15, what is -3 + -47ba0?
-47ba3
In base 7, what is -11 - 160634?
-160645
In base 2, what is -11 - 11010111001110?
-11010111010001
In base 5, what is 3 - 423322?
-423314
In base 4, what is -22313 - 102223?
-131202
In base 9, what is 5801 + 2?
5803
In base 10, what is 3 + 19668?
19671
In base 8, what is 156132 + -4?
156126
In base 4, what is 2 + -33130301?
-33130233
In base 4, what is -132130 - 10102?
-202232
In base 10, what is -852240 - 3?
-852243
In base 4, what is 130121303123 - -10?
130121303133
In base 8, what is 302 - -330?
632
In base 4, what is 1 - -1220200100?
1220200101
In base 4, what is -30213221 - -10?
-30213211
In base 3, what is 211000221 - 0?
211000221
In base 16, what is a6 - 4f9?
-453
In base 13, what is -21 - 173c?
-1760
In base 5, what is 101 + -120114?
-120013
In base 13, what is -250c - -10?
-24cc
In base 15, what is -81 + -3c2b?
-3cac
In base 12, what is 320237 - 3?
320234
In base 9, what is -346220 + 2?
-346217
In base 7, what is -2 + -3653450?
-3653452
In base 6, what is -30 - 3500243?
-3500313
In base 13, what is -1218a0 + 4?
-121899
In base 6, what is -2013 + 52?
-1521
In base 3, what is 102 - -1211211?
1212020
In base 14, what is 8d - 709?
-65a
In base 15, what is 11 - -3325?
3336
In base 5, what is 1 + 124204?
124210
In base 5, what is 1343 - 40031?
-33133
In base 3, what is 220 - 211001122?
-211000202
In base 8, what is -34203 - -27?
-34154
In base 11, what is -3 - 18a1?
-18a4
In base 16, what is 11f - -377?
496
In base 3, what is -10 + 1120210102202?
1120210102122
In base 6, what is -352 + -33412?
-34204
In base 2, what is -10000001000 + -101111?
-10000110111
In base 2, what is -100 - 100110011101101?
-100110011110001
In base 6, what is -110 + -3552?
-4102
In base 4, what is -10 + -12233221001?
-12233221011
In base 6, what is -342234 - 25?
-342303
In base 13, what is 47557 - 5?
47552
In base 13, what is 4667 + -5?
4662
In base 8, what is 5063 + -774?
4067
In base 11, what is 692 + -172?
520
In base 3, what is 2201122 + 2020211?
112